 be r(-4). Let y be ((-1)/(-2))/(m/(-108)). Calculate the greatest common divisor of 6 and y.
6
Let c(h) = h**3 + 10*h**2 + 9*h - 2. Let z be c(-9). Let y be 5/3*6 - z. What is the highest common factor of 12 and y?
12
Let r be (-9)/54 - (-47)/(-6). Let o = r + 12. Suppose o*u - 50 - 22 = 0. Calculate the highest common factor of u and 6.
6
Let i be 10*((-18)/15 + 2). Calculate the greatest common factor of 16 and i.
8
Suppose -4*t + t = -6, 5*t = -4*z + 50. Calculate the highest common factor of z and 80.
10
Suppose 2*w + 9 = -y - 3*w, -3*y - 2*w - 1 = 0. Calculate the greatest common factor of 1 and y.
1
Let z be 2*-1*1*-14. What is the highest common factor of z and 14?
14
Suppose -5*y = 2*j + 3*j - 5, y - 2*j - 1 = 0. What is the greatest common factor of 6 and y?
1
Let c be (-102)/(-5) - 2/5. Let u = 9 - 1. Let i = 13 - u. Calculate the highest common divisor of c and i.
5
Let t be -1*(-12)/2 - 1. Suppose 23 + 127 = t*v. Let j(k) = k**3 - 7*k**2 + 3*k - 1. Let m be j(7). Calculate the highest common divisor of m and v.
10
Let o(h) = 2*h + 1. Let z be o(-1). Let c(f) = 100*f**2 - 1. Let v be c(z). Suppose -2*s - v = -3*s. What is the highest common factor of 11 and s?
11
Suppose -13*u = -10*u - 330. What is the greatest common divisor of 22 and u?
22
Suppose 3*m + m - 40 = 0. Calculate the greatest common divisor of 10 and m.
10
Let t = -18 - -26. Let v = -4 - t. Let u be (14/8)/((-1)/v). What is the highest common factor of u and 126?
21
Let c be ((-4)/(-2))/(1/13). What is the highest common factor of 234 and c?
26
Let h = 6 + -8. Let d(c) = 7*c**2 + c - 2. Let y be d(h). What is the highest common divisor of y and 8?
8
Suppose 0 = -5*k - 3*n + 58 + 12, -4*k + n + 39 = 0. Calculate the highest common factor of k and 121.
11
Let b be 76/5 + (-48)/(-60). What is the highest common divisor of b and 48?
16
Let u(h) = h**2 + 3*h. Let v be u(6). Suppose 4*g - v = g. Suppose b - 182 = -20. What is the greatest common divisor of b and g?
18
Suppose -3*m - 5*y + 23 = 0, m + 24 = 5*m + 5*y. Suppose 4*l + l - v = 40, 2 = -2*l + 4*v. What is the greatest common divisor of m and l?
1
Let m be (-2)/(1 - 9/8). What is the highest common factor of 40 and m?
8
Let u = -45 + 48. Let t(y) = y**2 - 8*y + 10. Let h be t(7). Calculate the greatest common factor of u and h.
3
Suppose 3*b - 24 - 27 = 0. Let r = 335 - 148. What is the highest common divisor of r and b?
17
Let y be 6 + 0 + -1*2. What is the greatest common factor of 12 and y?
4
Suppose 3*c + 124 = 4*z, -2*z = -6*z + 2*c + 120. Let v be ((-72)/z)/(2/(-14)). What is the highest common factor of 6 and v?
6
Let d = 8 + -5. Suppose d*n - 2*a - 10 = -7*a, -2*n + 8 = 2*a. Calculate the highest common divisor of 1 and n.
1
Let i(s) = -2 - 1 - 4*s + 2 + 3. Let v be i(-5). Calculate the greatest common factor of v and 2.
2
Suppose 0 = u + 2*u - 81. Let s = u + -11. What is the greatest common factor of s and 144?
16
Let n = 27 + 2. Let p be (-40)/20*58/(-4)*1. Calculate the greatest common factor of p and n.
29
Let q = 28 + -14. What is the highest common divisor of 56 and q?
14
Suppose z - 128 = 92. What is the greatest common divisor of z and 44?
44
Let w = 0 + 3. Suppose u + w*d = -u, -11 = -u + 4*d. Suppose -5*s - 2*q + 75 = 2*q, -u*s - 2*q + 43 = 0. What is the greatest common factor of 1 and s?
1
Suppose 0 = w - 4*w + 69. Let c = w - 7. What is the greatest common factor of 112 and c?
16
Suppose -26 = -4*f + 5*t, -f = -2*f + 3*t + 10. Suppose f*n = 6*n - 224. What is the greatest common divisor of n and 14?
14
Suppose 4*x + a = 3*a + 224, -4*x - 4*a + 212 = 0. Let t = 23 + -1. Calculate the greatest common factor of x and t.
11
Let r(n) = -n**2 - n + 3. Let c be r(0). Suppose 2*p = -2 + 14. Calculate the greatest common factor of p and c.
3
Suppose 0 = -5*u - f + 57, -3*f - 4 - 5 = 0. Calculate the highest common divisor of u and 4.
4
Suppose 3*z - 177 = -2*r - 4, -2*z + 110 = -4*r. What is the greatest common divisor of 3 and z?
3
Let j be (-3)/27*3*-12 + 18. Calculate the greatest common divisor of j and 198.
22
Let a(u) = -u. Let m be a(-3). Suppose 4*x - 19 = 3*f, 3*f = m*x + 2 - 14. What is the highest common factor of 14 and x?
7
Let l = -4 + 12. Calculate the greatest common divisor of l and 8.
8
Suppose 0 = -4*i + o + 59, i + 8*o - 3*o = 41. What is the highest common divisor of 32 and i?
16
Let b = -2 - -7. Suppose 0*w - b*i = -4*w + 1241, 2*w + 5*i - 583 = 0. Suppose -32 = -4*u + w. What is the greatest common factor of 12 and u?
12
Suppose -3*w + 10 + 23 = 3*p, -5*w + 62 = -2*p. Suppose 0 = -4*h - 2*b + 346, 7*h = 3*h + 2*b + 326. What is the highest common factor of w and h?
12
Let h = -32 - -14. Let p = h + 25. Suppose 18*x - 23*x = -175. What is the highest common divisor of x and p?
7
Suppose 4*j + 54 + 198 = 0. Let i = -39 - j. Suppose 5*k + 2*u - 72 = 0, -7 - 13 = 5*u. What is the highest common factor of k and i?
8
Let z = 37 - 23. Calculate the greatest common factor of 14 and z.
14
Suppose -2*w - 4*i = -7*w - 1269, i = 2*w + 510. Suppose 2*r = 3 - 13. Let g be w/r + (-2)/5. Calculate the greatest common divisor of g and 17.
17
Suppose -5*o = 29 - 84. Suppose -5 = -2*s + o. Calculate the greatest common divisor of 4 and s.
4
Let q(g) = 3*g**2 - 8*g + 5. Let x be q(5). Calculate the highest common factor of x and 16.
8
Let q be (-1938)/(-54) + 6/54. What is the greatest common factor of 12 and q?
12
Let x be 9 + 6 - -5 - 5. What is the greatest common divisor of x and 75?
15
Suppose 0 - 3 = -2*p + l, -5*p + 7 = -3*l. Suppose -5*b - 2*q = 289, -p*q - 3*q = -2*b - 133. Let s = 77 - b. What is the greatest common divisor of 17 and s?
17
Suppose 21*w - 102 = 4*w. What is the highest common divisor of 6 and w?
6
Let v(a) = 4*a - a**3 - 4 - 3*a**2 - 3*a - 2*a - 4*a. Let u be v(-3). Let y be (3/(-1) + 0)*-11. Calculate the highest common factor of u and y.
11
Suppose -796 = -4*h - 184. Suppose -5*i + 117 = -h. Calculate the highest common divisor of 6 and i.
6
Suppose 2*f = -2*f + 28. Let z be -2 + -4 + 8 + 766. Suppose f*t = 3*t + z. What is the highest common divisor of t and 24?
24
Let q = 21 - 15. Suppose -11 - 19 = -5*c. Let z be (-2)/c - 199/(-3). Calculate the highest common factor of z and q.
6
Let m(j) = -2*j**3 + j**2 + j + 1. Suppose c + 5*q = 13, -2*c + 3*c - 3*q + 11 = 0. Let v be m(c). Calculate the highest common divisor of v and 95.
19
Suppose 0 = r - 0*r - 147. Let d(x) = x**3 + 7*x**2 + 3*x + 3. Let s be d(-6). Calculate the highest common divisor of s and r.
21
Let k be ((-140)/6)/((-4)/60). Let x = -1 + 3. Let q be (k/(-15))/(x/(-6)). What is the highest common divisor of 10 and q?
10
Suppose 0*i = 4*i - 28. Let m = -80 - -53. Let k = 69 + m. Calculate the greatest common divisor of k and i.
7
Let f be ((-63)/(-35))/((-2)/(-20)). Calculate the greatest common divisor of f and 9.
9
Suppose 3*i = -2*i + 315. Suppose 3*t + 15 = 6. Let w be (-12)/(-1 + 0) + t. Calculate the highest common divisor of w and i.
9
Let a = 56 + -12. Let n = 18 - 13. Suppose -n*m - 4*s + 12 = 0, -2*m + 5*s + 4 = -14. What is the highest common factor of m and a?
4
Let m(n) = -12*n - 2. Let b be m(-2). Let t be (165/b)/((-6)/(-8)). Calculate the greatest common factor of t and 20.
10
Let b(x) = x**2 - 11*x + 15. Let r be b(10). Let f = 11 - r. Suppose 3 = f*u - 5*u. Calculate the highest common divisor of u and 6.
3
Suppose -15*s + 223 = -107. Calculate the highest common factor of s and 55.
11
Suppose 0*m + 9 = -m - 5*g, -5*m + 2*g = -63. Calculate the highest common divisor of 44 and m.
11
Let s = -153 - -216. What is the highest common divisor of 9 and s?
9
Let d(f) = -5*f - 14. Let k be d(-6). Calculate the greatest common divisor of 32 and k.
16
Let m be (-6)/21 + (-382)/(-14). Let c be ((-4)/(-2))/((-4)/(-6)). What is the highest common divisor of m and c?
3
Suppose y - 3 = -0. Suppose -y*a + 4*h = -292, -2*h - 396 = -4*a - 0*h. Calculate the highest common factor of 40 and a.
20
Let r(t) = 2 + 0*t**3 - 5*t**2 - t**3 + 2*t + 4*t. Let a be r(-6). Let d be -1*(-5 + (1 - a)). What is the highest common divisor of 6 and d?
6
Let m be ((-2)/(-6))/((-4)/(-12)). Let u be ((-22)/6)/(m/(-6)). Calculate the highest common factor of 198 and u.
22
Let v be (-612)/(-8) + 3 - 2/(-4). What is the grea